{"id":584,"date":"2026-01-13T11:18:10","date_gmt":"2026-01-13T11:18:10","guid":{"rendered":"https:\/\/livinglabmontado.uevora.pt\/?page_id=584"},"modified":"2026-06-30T14:56:14","modified_gmt":"2026-06-30T14:56:14","slug":"politica-de-privacidade","status":"publish","type":"page","link":"https:\/\/livinglabmontado.uevora.pt\/?page_id=584","title":{"rendered":"Pol\u00edtica de privacidade"},"content":{"rendered":"\n\n  <div class=\"banner has-hover\" id=\"banner-2004286864\">\n          <div class=\"banner-inner fill\">\n        <div class=\"banner-bg fill\" >\n            <img loading=\"lazy\" decoding=\"async\" width=\"1020\" height=\"765\" src=\"https:\/\/livinglabmontado.uevora.pt\/wp-content\/uploads\/2026\/01\/IMG_2748-1067x800.jpg\" class=\"bg attachment-large size-large\" alt=\"\" \/>                                    \n                    <\/div>\n\t\t\n        <div class=\"banner-layers container\">\n            <div class=\"fill banner-link\"><\/div>            \n\n   <div id=\"text-box-874138956\" class=\"text-box banner-layer x10 md-x10 lg-x10 y85 md-y85 lg-y85 res-text\">\n                     <div data-animate=\"blurIn\">           <div class=\"text-box-content text dark\">\n              \n              <div class=\"text-inner text-center\">\n                  \n\n\t<div id=\"text-2903635186\" class=\"text\">\n\t\t\n\n<h3><strong>Pol\u00edtica de privacidade<\/strong><\/h3>\n\t\t\n<style>\n#text-2903635186 {\n  font-size: 1.1rem;\n  line-height: 1.2;\n  text-align: left;\n}\n<\/style>\n\t<\/div>\n\t\n\n              <\/div>\n           <\/div>\n       <\/div>                     \n<style>\n#text-box-874138956 {\n  width: 58%;\n}\n#text-box-874138956 .text-box-content {\n  font-size: 100%;\n}\n<\/style>\n    <\/div>\n \n\n        <\/div>\n      <\/div>\n\n            \n<style>\n#banner-2004286864 {\n  padding-top: 500px;\n}\n<\/style>\n  <\/div>\n\n\n\n\t<section class=\"section\" id=\"section_778371603\">\n\t\t<div class=\"section-bg fill\" >\n\t\t\t\t\t\t\t\t\t\n\t\t\t\n\n\t\t<\/div>\n\n\t\t\t<div class=\"ux-shape-divider ux-shape-divider--top ux-shape-divider--style-triangle\">\n\t\t<svg viewBox=\"0 0 1000 100\" xmlns=\"http:\/\/www.w3.org\/2000\/svg\" preserveAspectRatio=\"none\">\n  <path class=\"ux-shape-fill\" d=\"M1025 103H-25L500 3L1025 103Z\"\/>\n<\/svg>\n\t<\/div>\n\n\t<div class=\"ux-shape-divider ux-shape-divider--bottom ux-shape-divider--style-triangle\">\n\t\t<svg viewBox=\"0 0 1000 100\" xmlns=\"http:\/\/www.w3.org\/2000\/svg\" preserveAspectRatio=\"none\">\n  <path class=\"ux-shape-fill\" d=\"M1025 103H-25L500 3L1025 103Z\"\/>\n<\/svg>\n\t<\/div>\n\n\t\t<div class=\"section-content relative\">\n\t\t\t\n\n<div class=\"row align-center\"  id=\"row-895640717\">\n\n\n\t<div id=\"col-1404559948\" class=\"col medium-10 small-12 large-10\"  >\n\t\t\t\t<div class=\"col-inner\"  >\n\t\t\t\n\t\t\t\n\n<h1>Pol\u00edtica de Privacidade<\/h1>\n<p><b>Data de Entrada em Vigor:<\/b> 30 de Junho de 2026<\/p>\n<h2>1. Introdu\u00e7\u00e3o<\/h2>\n<p>Bem-vindo ao <b>Montado Living Lab<\/b>. Respeitamos a sua privacidade e estamos empenhados em proteger os seus dados pessoais. Esta pol\u00edtica de privacidade informa como tratamos os seus dados pessoais quando visita o nosso site e informa-o sobre os seus direitos de privacidade e como a lei o protege.<\/p>\n<h2>2. Dados que Recolhemos<\/h2>\n<p>Podemos recolher, utilizar, armazenar e transferir diferentes tipos de dados pessoais sobre si atrav\u00e9s do Formul\u00e1rio de Contacto e Newsletter, incluindo:<\/p>\n<ul>\n<li>\n<p><b>Dados de Identidade:<\/b> Nome, apelido ou identificador semelhante.<\/p>\n<\/li>\n<li>\n<p><b>Dados de Contacto:<\/b> Endere\u00e7o de e-mail e n\u00fameros de telefone.<\/p>\n<\/li>\n<li>\n<p><b>Dados T\u00e9cnicos:<\/b> Endere\u00e7o IP, tipo e vers\u00e3o do navegador, defini\u00e7\u00e3o do fuso hor\u00e1rio e localiza\u00e7\u00e3o (recolhidos atrav\u00e9s de cookies\/anal\u00edtica).<\/p>\n<\/li>\n<li>\n<p><b>Dados de Utiliza\u00e7\u00e3o:<\/b> Informa\u00e7\u00f5es sobre como utiliza o nosso site.<\/p>\n<\/li>\n<\/ul>\n<h2>3. Como Recolhemos os Seus Dados<\/h2>\n<p>Utilizamos diferentes m\u00e9todos para recolher dados seus, incluindo:<\/p>\n<ul>\n<li>\n<p><b>Intera\u00e7\u00f5es Diretas:<\/b> O utilizador fornece os seus Dados de Identidade e de Contacto ao preencher formul\u00e1rios\u00a0ou ao contactar-nos por correio, telefone ou e-mail.<\/p>\n<\/li>\n<li>\n<p><b>Tecnologias Automatizadas:<\/b> \u00c0 medida que interage com o nosso site, podemos recolher automaticamente Dados T\u00e9cnicos sobre o seu equipamento e padr\u00f5es de navega\u00e7\u00e3o atrav\u00e9s de cookies.<\/p>\n<\/li>\n<\/ul>\n<h2>4. Cookies<\/h2>\n<p>Aqui explicamos como o nosso website utiliza cookies e tecnologias semelhantes para lhe proporcionar uma melhor experi\u00eancia de navega\u00e7\u00e3o.<\/p>\n<p>O que s\u00e3o cookies?<br \/>Cookies s\u00e3o pequenos ficheiros de texto que s\u00e3o guardados no seu computador ou dispositivo m\u00f3vel atrav\u00e9s do navegador (browser) quando visita um website. Estes ficheiros permitem que o site se lembre das suas a\u00e7\u00f5es e prefer\u00eancias por um determinado per\u00edodo de tempo.<\/p>\n<p>Como usamos os cookies?<br \/>Utilizamos cookies para garantir o bom funcionamento do site e melhorar a sua experi\u00eancia. Os cookies que usamos dividem-se nas seguintes categorias:<\/p>\n<p>Cookies Necess\u00e1rios: S\u00e3o essenciais para que o website funcione corretamente (ex: permitir o in\u00edcio de sess\u00e3o em \u00e1reas seguras ou processar compras). Sem estes cookies, o site n\u00e3o funciona como deveria.<\/p>\n<p>Cookies de Desempenho e Anal\u00edticos: Ajudam-nos a perceber como os visitantes interagem com o site, recolhendo informa\u00e7\u00f5es de forma an\u00f3nima (ex: quais as p\u00e1ginas mais visitadas). Utilizamos estes dados para melhorar o desempenho do site.<\/p>\n<p>Cookies de Funcionalidade: Permitem que o site se lembre das suas escolhas (como o seu nome de utilizador ou o idioma selecionado) para oferecer uma experi\u00eancia mais personalizada.<\/p>\n<p>Como pode controlar os cookies?<br \/>O utilizador tem o direito de aceitar ou rejeitar cookies.<\/p>\n<p>Pode configurar ou desativar os cookies a qualquer momento diretamente nas defini\u00e7\u00f5es do seu navegador (browser). No entanto, tenha em conta que, se desativar os cookies necess\u00e1rios, algumas partes do nosso website poder\u00e3o n\u00e3o funcionar corretamente.<\/p>\n<h2>5. Base Legal para o Tratamento<\/h2>\n<p>Ao abrigo do RGPD, apenas tratamos os seus dados se tivermos uma base legal v\u00e1lida. Para os dados recolhidos atrav\u00e9s do nosso formul\u00e1rio de contacto, a base \u00e9 o <b>Consentimento<\/b> (ao clicar em &#8220;Enviar&#8221; e aceitar a caixa de verifica\u00e7\u00e3o, concorda que entremos em contacto consigo) ou <b>Interesse Leg\u00edtimo<\/b> (para responder \u00e0 sua quest\u00e3o).<\/p>\n<h2>6. Como Utilizamos os Seus Dados<\/h2>\n<p>Utilizaremos os seus dados pessoais apenas para o fim para o qual os recolhemos, incluindo:<\/p>\n<ul>\n<li>\n<p>Para responder \u00e0s suas quest\u00f5es enviadas via formul\u00e1rio de contacto.<\/p>\n<\/li>\n<li>\n<p>Para melhorar o nosso site, servi\u00e7os e rela\u00e7\u00f5es com os clientes.<\/p>\n<\/li>\n<li>\n<p>Para cumprir uma obriga\u00e7\u00e3o legal ou regulamentar.<\/p>\n<\/li>\n<\/ul>\n<h2>7. Reten\u00e7\u00e3o de Dados<\/h2>\n<p>Reteremos os seus dados pessoais apenas pelo per\u00edodo necess\u00e1rio para cumprir as finalidades para as quais foram recolhidos, incluindo para efeitos de cumprimento de quaisquer requisitos legais, contabil\u00edsticos ou de reporte.<\/p>\n<h2>8. Os Seus Direitos Legais<\/h2>\n<p>Em determinadas circunst\u00e2ncias, o utilizador tem direitos ao abrigo das leis de prote\u00e7\u00e3o de dados em rela\u00e7\u00e3o aos seus dados pessoais:<\/p>\n<ul>\n<li>\n<p><b>Direito de Acesso:<\/b> Solicitar acesso aos seus dados.<\/p>\n<\/li>\n<li>\n<p><b>Direito de Retifica\u00e7\u00e3o:<\/b> Solicitar a corre\u00e7\u00e3o de dados incorretos.<\/p>\n<\/li>\n<li>\n<p><b>Direito ao Apagamento:<\/b> Solicitar a elimina\u00e7\u00e3o dos seus dados (&#8220;Direito ao Esquecimento&#8221;).<\/p>\n<\/li>\n<li>\n<p><b>Direito de Oposi\u00e7\u00e3o:<\/b> Opor-se ao tratamento dos seus dados.<\/p>\n<\/li>\n<li>\n<p><b>Direito \u00e0 Portabilidade:<\/b> Solicitar a transfer\u00eancia dos seus dados para outra entidade.<\/p>\n<\/li>\n<li>\n<p><b>Direito de Retirar o Consentimento:<\/b> Retirar o seu consentimento a qualquer momento.<\/p>\n<\/li>\n<\/ul>\n<h2>9. Detalhes de Contacto<\/h2>\n<p>Se tiver alguma d\u00favida sobre esta pol\u00edtica de privacidade ou sobre as nossas pr\u00e1ticas de privacidade, contacte o nosso Respons\u00e1vel pela Prote\u00e7\u00e3o de Dados (DPO) em: <b>E-mail:<\/b> llmontado@uevora.pt\u00a0<\/p>\n\n\t\t<\/div>\n\t\t\t\t\t<\/div>\n\n\t\n\n<\/div>\n\n\t\t<\/div>\n\n\t\t\n<style>\n#section_778371603 {\n  padding-top: 80px;\n  padding-bottom: 80px;\n}\n#section_778371603 .ux-shape-divider--top svg {\n  height: 10px;\n  --divider-top-width: 120%;\n}\n#section_778371603 .ux-shape-divider--top .ux-shape-fill {\n  fill: #0e9150;\n}\n#section_778371603 .ux-shape-divider--bottom svg {\n  height: 10px;\n  --divider-width: 120%;\n}\n#section_778371603 .ux-shape-divider--bottom .ux-shape-fill {\n  fill: #0e9150;\n}\n<\/style>\n\t<\/section>\n\t\n\n","protected":false},"excerpt":{"rendered":"","protected":false},"author":1,"featured_media":0,"parent":0,"menu_order":0,"comment_status":"closed","ping_status":"closed","template":"page-transparent-header-light.php","meta":{"footnotes":""},"class_list":["post-584","page","type-page","status-publish","hentry"],"_links":{"self":[{"href":"https:\/\/livinglabmontado.uevora.pt\/index.php?rest_route=\/wp\/v2\/pages\/584","targetHints":{"allow":["GET"]}}],"collection":[{"href":"https:\/\/livinglabmontado.uevora.pt\/index.php?rest_route=\/wp\/v2\/pages"}],"about":[{"href":"https:\/\/livinglabmontado.uevora.pt\/index.php?rest_route=\/wp\/v2\/types\/page"}],"author":[{"embeddable":true,"href":"https:\/\/livinglabmontado.uevora.pt\/index.php?rest_route=\/wp\/v2\/users\/1"}],"replies":[{"embeddable":true,"href":"https:\/\/livinglabmontado.uevora.pt\/index.php?rest_route=%2Fwp%2Fv2%2Fcomments&post=584"}],"version-history":[{"count":7,"href":"https:\/\/livinglabmontado.uevora.pt\/index.php?rest_route=\/wp\/v2\/pages\/584\/revisions"}],"predecessor-version":[{"id":1427,"href":"https:\/\/livinglabmontado.uevora.pt\/index.php?rest_route=\/wp\/v2\/pages\/584\/revisions\/1427"}],"wp:attachment":[{"href":"https:\/\/livinglabmontado.uevora.pt\/index.php?rest_route=%2Fwp%2Fv2%2Fmedia&parent=584"}],"curies":[{"name":"wp","href":"https:\/\/api.w.org\/{rel}","templated":true}]}}

Política de privacidade

<div class="banner has-hover" id="banner-2004286864">
          <div class="banner-inner fill">
        <div class="banner-bg fill" >
            <img loading="lazy" decoding="async" width="1020" height="765" src="https://livinglabmontado.uevora.pt/wp-content/uploads/2026/01/IMG_2748-1067x800.jpg" class="bg attachment-large size-large" alt="" />                                    
                    </div>
		
        <div class="banner-layers container">
            <div class="fill banner-link"></div>            

   <div id="text-box-874138956" class="text-box banner-layer x10 md-x10 lg-x10 y85 md-y85 lg-y85 res-text">
                     <div data-animate="blurIn">           <div class="text-box-content text dark">
              
              <div class="text-inner text-center">
                  

	<div id="text-2903635186" class="text">
		

<h3><strong>Política de privacidade</strong></h3>
		
<style>
#text-2903635186 {
  font-size: 1.1rem;
  line-height: 1.2;
  text-align: left;
}
</style>
	</div>
	

              </div>
           </div>
       </div>                     
<style>
#text-box-874138956 {
  width: 58%;
}
#text-box-874138956 .text-box-content {
  font-size: 100%;
}
</style>
    </div>
 

        </div>
      </div>

            
<style>
#banner-2004286864 {
  padding-top: 500px;
}
</style>
  </div>



	<section class="section" id="section_778371603">
		<div class="section-bg fill" >
									
			

		</div>

			<div class="ux-shape-divider ux-shape-divider--top ux-shape-divider--style-triangle">
		<svg viewBox="0 0 1000 100" xmlns="http://www.w3.org/2000/svg" preserveAspectRatio="none">
  <path class="ux-shape-fill" d="M1025 103H-25L500 3L1025 103Z"/>
</svg>
	</div>

	<div class="ux-shape-divider ux-shape-divider--bottom ux-shape-divider--style-triangle">
		<svg viewBox="0 0 1000 100" xmlns="http://www.w3.org/2000/svg" preserveAspectRatio="none">
  <path class="ux-shape-fill" d="M1025 103H-25L500 3L1025 103Z"/>
</svg>
	</div>

		<div class="section-content relative">
			

<div class="row align-center"  id="row-895640717">


	<div id="col-1404559948" class="col medium-10 small-12 large-10"  >
				<div class="col-inner"  >
			
			

<h1>Política de Privacidade</h1>
<p><b>Data de Entrada em Vigor:</b> 30 de Junho de 2026</p>
<h2>1. Introdução</h2>
<p>Bem-vindo ao <b>Montado Living Lab</b>. Respeitamos a sua privacidade e estamos empenhados em proteger os seus dados pessoais. Esta política de privacidade informa como tratamos os seus dados pessoais quando visita o nosso site e informa-o sobre os seus direitos de privacidade e como a lei o protege.</p>
<h2>2. Dados que Recolhemos</h2>
<p>Podemos recolher, utilizar, armazenar e transferir diferentes tipos de dados pessoais sobre si através do Formulário de Contacto e Newsletter, incluindo:</p>
<ul>
<li>
<p><b>Dados de Identidade:</b> Nome, apelido ou identificador semelhante.</p>
</li>
<li>
<p><b>Dados de Contacto:</b> Endereço de e-mail e números de telefone.</p>
</li>
<li>
<p><b>Dados Técnicos:</b> Endereço IP, tipo e versão do navegador, definição do fuso horário e localização (recolhidos através de cookies/analítica).</p>
</li>
<li>
<p><b>Dados de Utilização:</b> Informações sobre como utiliza o nosso site.</p>
</li>
</ul>
<h2>3. Como Recolhemos os Seus Dados</h2>
<p>Utilizamos diferentes métodos para recolher dados seus, incluindo:</p>
<ul>
<li>
<p><b>Interações Diretas:</b> O utilizador fornece os seus Dados de Identidade e de Contacto ao preencher formulários ou ao contactar-nos por correio, telefone ou e-mail.</p>
</li>
<li>
<p><b>Tecnologias Automatizadas:</b> À medida que interage com o nosso site, podemos recolher automaticamente Dados Técnicos sobre o seu equipamento e padrões de navegação através de cookies.</p>
</li>
</ul>
<h2>4. Cookies</h2>
<p>Aqui explicamos como o nosso website utiliza cookies e tecnologias semelhantes para lhe proporcionar uma melhor experiência de navegação.</p>
<p>O que são cookies?<br />Cookies são pequenos ficheiros de texto que são guardados no seu computador ou dispositivo móvel através do navegador (browser) quando visita um website. Estes ficheiros permitem que o site se lembre das suas ações e preferências por um determinado período de tempo.</p>
<p>Como usamos os cookies?<br />Utilizamos cookies para garantir o bom funcionamento do site e melhorar a sua experiência. Os cookies que usamos dividem-se nas seguintes categorias:</p>
<p>Cookies Necessários: São essenciais para que o website funcione corretamente (ex: permitir o início de sessão em áreas seguras ou processar compras). Sem estes cookies, o site não funciona como deveria.</p>
<p>Cookies de Desempenho e Analíticos: Ajudam-nos a perceber como os visitantes interagem com o site, recolhendo informações de forma anónima (ex: quais as páginas mais visitadas). Utilizamos estes dados para melhorar o desempenho do site.</p>
<p>Cookies de Funcionalidade: Permitem que o site se lembre das suas escolhas (como o seu nome de utilizador ou o idioma selecionado) para oferecer uma experiência mais personalizada.</p>
<p>Como pode controlar os cookies?<br />O utilizador tem o direito de aceitar ou rejeitar cookies.</p>
<p>Pode configurar ou desativar os cookies a qualquer momento diretamente nas definições do seu navegador (browser). No entanto, tenha em conta que, se desativar os cookies necessários, algumas partes do nosso website poderão não funcionar corretamente.</p>
<h2>5. Base Legal para o Tratamento</h2>
<p>Ao abrigo do RGPD, apenas tratamos os seus dados se tivermos uma base legal válida. Para os dados recolhidos através do nosso formulário de contacto, a base é o <b>Consentimento</b> (ao clicar em &#8220;Enviar&#8221; e aceitar a caixa de verificação, concorda que entremos em contacto consigo) ou <b>Interesse Legítimo</b> (para responder à sua questão).</p>
<h2>6. Como Utilizamos os Seus Dados</h2>
<p>Utilizaremos os seus dados pessoais apenas para o fim para o qual os recolhemos, incluindo:</p>
<ul>
<li>
<p>Para responder às suas questões enviadas via formulário de contacto.</p>
</li>
<li>
<p>Para melhorar o nosso site, serviços e relações com os clientes.</p>
</li>
<li>
<p>Para cumprir uma obrigação legal ou regulamentar.</p>
</li>
</ul>
<h2>7. Retenção de Dados</h2>
<p>Reteremos os seus dados pessoais apenas pelo período necessário para cumprir as finalidades para as quais foram recolhidos, incluindo para efeitos de cumprimento de quaisquer requisitos legais, contabilísticos ou de reporte.</p>
<h2>8. Os Seus Direitos Legais</h2>
<p>Em determinadas circunstâncias, o utilizador tem direitos ao abrigo das leis de proteção de dados em relação aos seus dados pessoais:</p>
<ul>
<li>
<p><b>Direito de Acesso:</b> Solicitar acesso aos seus dados.</p>
</li>
<li>
<p><b>Direito de Retificação:</b> Solicitar a correção de dados incorretos.</p>
</li>
<li>
<p><b>Direito ao Apagamento:</b> Solicitar a eliminação dos seus dados (&#8220;Direito ao Esquecimento&#8221;).</p>
</li>
<li>
<p><b>Direito de Oposição:</b> Opor-se ao tratamento dos seus dados.</p>
</li>
<li>
<p><b>Direito à Portabilidade:</b> Solicitar a transferência dos seus dados para outra entidade.</p>
</li>
<li>
<p><b>Direito de Retirar o Consentimento:</b> Retirar o seu consentimento a qualquer momento.</p>
</li>
</ul>
<h2>9. Detalhes de Contacto</h2>
<p>Se tiver alguma dúvida sobre esta política de privacidade ou sobre as nossas práticas de privacidade, contacte o nosso Responsável pela Proteção de Dados (DPO) em: <b>E-mail:</b> llmontado@uevora.pt </p>

		</div>
					</div>

	

</div>

		</div>

		
<style>
#section_778371603 {
  padding-top: 80px;
  padding-bottom: 80px;
}
#section_778371603 .ux-shape-divider--top svg {
  height: 10px;
  --divider-top-width: 120%;
}
#section_778371603 .ux-shape-divider--top .ux-shape-fill {
  fill: #0e9150;
}
#section_778371603 .ux-shape-divider--bottom svg {
  height: 10px;
  --divider-width: 120%;
}
#section_778371603 .ux-shape-divider--bottom .ux-shape-fill {
  fill: #0e9150;
}
</style>
	</section>
